{"id":2,"date":"2012-04-08T06:33:03","date_gmt":"2012-04-08T06:33:03","guid":{"rendered":"http:\/\/www.moto-adventure.net\/wordpress\/?page_id=2"},"modified":"2015-08-08T13:01:34","modified_gmt":"2015-08-08T13:01:34","slug":"beispiel-seite","status":"publish","type":"page","link":"http:\/\/www.moto-adventure.net\/?page_id=2","title":{"rendered":"Reisen"},"content":{"rendered":"<p>&nbsp;<\/p>\n<a href=\"http:\/\/tinyurl.com\/odlpup8\">Balkan 2014<\/a>\n<p>&nbsp;<\/p>\n<p style=\"text-align: center;\"><img loading=\"lazy\" class=\"aligncenter\" src=\"http:\/\/www.moto-adventure.net\/wp-content\/uploads\/2014\/06\/P10009031.jpg\" alt=\"\" width=\"460\" height=\"259\" \/><\/p>\n<p>&nbsp;<\/p>\n<a href=\"http:\/\/www.moto-adventure.net\/?page_id=1372\">Balkan 2015 - Grenzg\u00e4ngertour: 4789 gefahrene Kilometer - 13 L\u00e4nder und 19 Grenz\u00fcbertritte<\/a>\n<p>&nbsp;<\/p>\n<p style=\"text-align: center;\"><img loading=\"lazy\" class=\"aligncenter\" src=\"http:\/\/www.moto-adventure.net\/wp-content\/uploads\/2015\/07\/P1010713.jpg\" alt=\"\" width=\"460\" height=\"259\" \/><\/p>\n","protected":false},"excerpt":{"rendered":"<p>&nbsp; &nbsp; &nbsp; &nbsp;<\/p>\n","protected":false},"author":752,"featured_media":0,"parent":0,"menu_order":2,"comment_status":"closed","ping_status":"closed","template":"","meta":[],"_links":{"self":[{"href":"http:\/\/www.moto-adventure.net\/index.php?rest_route=\/wp\/v2\/pages\/2"}],"collection":[{"href":"http:\/\/www.moto-adventure.net\/index.php?rest_route=\/wp\/v2\/pages"}],"about":[{"href":"http:\/\/www.moto-adventure.net\/index.php?rest_route=\/wp\/v2\/types\/page"}],"author":[{"embeddable":true,"href":"http:\/\/www.moto-adventure.net\/index.php?rest_route=\/wp\/v2\/users\/752"}],"replies":[{"embeddable":true,"href":"http:\/\/www.moto-adventure.net\/index.php?rest_route=%2Fwp%2Fv2%2Fcomments&post=2"}],"version-history":[{"count":31,"href":"http:\/\/www.moto-adventure.net\/index.php?rest_route=\/wp\/v2\/pages\/2\/revisions"}],"predecessor-version":[{"id":1488,"href":"http:\/\/www.moto-adventure.net\/index.php?rest_route=\/wp\/v2\/pages\/2\/revisions\/1488"}],"wp:attachment":[{"href":"http:\/\/www.moto-adventure.net\/index.php?rest_route=%2Fwp%2Fv2%2Fmedia&parent=2"}],"curies":[{"name":"wp","href":"https:\/\/api.w.org\/{rel}","templated":true}]}}