{"id":1826,"date":"2015-10-10T07:56:06","date_gmt":"2015-10-10T07:56:06","guid":{"rendered":"http:\/\/www.moto-adventure.net\/?page_id=1826"},"modified":"2015-10-10T08:01:40","modified_gmt":"2015-10-10T08:01:40","slug":"tag-18-22-igoumenitsa-gr-zu-hause","status":"publish","type":"page","link":"http:\/\/www.moto-adventure.net\/?page_id=1826","title":{"rendered":"Tag 18-22: Igoumenitsa (GR) &#8211; zu Hause"},"content":{"rendered":"<p><img src=\"http:\/\/www.moto-adventure.net\/wp-content\/uploads\/2014\/02\/Tag-20-t-0003-e1444462269983.jpg\" alt=\"GR 1\" \/><\/p>\n<p>Wir waren noch drei Tage in dem gemieteten Appartement und relaxten und lie\u00dfen uns von unserem Gastgeber verw\u00f6hnen. Das war auch mal sch\u00f6n. Die viele Zeit entstand ja, da wir einige der geplanten Ruhetage nicht einlegen konnten oder wollten, da die Gegend nicht zum Verweilen einlud oder weil einfach nur gerade kein Campingplatz in der N\u00e4he war. Insbesondere In Albanien, Kosovo und Mazedonien sollte man da etwas genauer vorplanen. Na ja man ist ja auch noch lernf\u00e4hig. <\/p>\n<p><img src=\"http:\/\/www.moto-adventure.net\/wp-content\/uploads\/2014\/02\/Tag-20-t-0001-e1444462495755.jpg\" alt=\"Oliven\" \/><\/p>\n<p>Wir werden ja auch mit Sicherheit nochmals nach Albanien fahren um den S\u00fcdwesten des Landes anzuschauen. Dort findet auch Tourismus statt. Ob es uns deswegen besser gef\u00e4llt als der abgelegene Osten bleibt abzuwarten.<\/p>\n<p>Nach 3 Tagen relaxen steht nun leider auch die F\u00e4hr\u00fcberfahrt nach Italien an. <\/p>\n<p><img src=\"http:\/\/www.moto-adventure.net\/wp-content\/uploads\/2014\/02\/Tag-20-k-0009-e1444462657596.jpg\" alt=\"F\u00e4hre 1\" \/><\/p>\n<p>Wir sind logischerweise nicht die einzigen die auf die F\u00e4hre warten. Die kommt nat\u00fcrlich auch gleich mal ne Stunde zu sp\u00e4t.<\/p>\n<p><img src=\"http:\/\/www.moto-adventure.net\/wp-content\/uploads\/2014\/02\/Tag-20-k-0011-e1444462759655.jpg\" alt=\"Simon\" \/><\/p>\n<p>So lernten wir auch Simon kennen. Einen Griechen der auf dem Weg nach Deutschland war. Kontakt war schnell gekn\u00fcpft. F\u00e4hrt er auch Motorrad und wir haben auch denselben Beruf. Da gehen einen die Themen nicht so schnell aus und die F\u00e4hr\u00fcberfahrt war auch schneller rum als wir dachten.<\/p>\n<p><img src=\"http:\/\/www.moto-adventure.net\/wp-content\/uploads\/2014\/02\/Tag-20-k-0023-e1444462927960.jpg\" alt=\"GR-2\" \/><\/p>\n<p>So verabschiedeten wir uns schweren Herzens von Griechenland und von unserem Urlaub, der viel zu kurz war.<\/p>\n<p><img src=\"http:\/\/www.moto-adventure.net\/wp-content\/uploads\/2014\/02\/Tag-20-k-0013-e1444463013191.jpg\" alt=\"Simon\" \/><\/p>\n<p>Als wir in Ancona angekommen waren, wollten Simon und wir noch ein St\u00fcck gemeinsam fahren. Sp\u00e4ter trennten wir uns an einer Rastst\u00e4tte. Bedingt durch die F\u00e4hrversp\u00e4tung lie\u00dfen wir auch die geplante \u00dcbernachtung im Gotthard Hospiz ausfallen und fuhren stattdessen direkt von Ancona nach Hause ins Elsass. <\/p>\n<p><img src=\"http:\/\/www.moto-adventure.net\/wp-content\/uploads\/2014\/02\/Tag-20-s-00011-e1444463305421.jpg\" alt=\"Chiasso\" \/><\/p>\n<p>In Chiasso holten wir die obligatorischen Vignetten. An der n\u00e4chsten Rastst\u00e4tte trafen wir dann noch ein schweizer P\u00e4rchen das denselben Weg hatte wie wir und die uns auch schon auf der Autobahn mehrfach aufgefallen waren. Nach einer Pause gings dann etwa um 20 Uhr weiter.<\/p>\n<p><img src=\"http:\/\/www.moto-adventure.net\/wp-content\/uploads\/2014\/02\/Tag-20-s-00021-e1444463794927.jpg\" alt=\"Gotthard\" \/><\/p>\n<p>Auf der Gotthard S\u00fcdseite sah es dann so um 21 Uhr so aus. F\u00fcr die Auffahrt zum Hospiz in der Nacht sollte es dann nicht reichen. Deswegen &#8222;zogen wir durch&#8220;.<\/p>\n<p><img src=\"http:\/\/www.moto-adventure.net\/wp-content\/uploads\/2014\/02\/Tag-20-s-00031-e1444463557970.jpg\" alt=\"Gotthard Nord\" \/><\/p>\n<p>Auf der Nordseite begann es dann auch mal zu regnen f\u00fcr etwa 20 Minuten. Nach der gro\u00dfen Hitze in den letzten Wochen, bei Temperaturen ausnahmslos \u00fcber 30 Grad war das schon eine willkommene Abwechslung.<\/p>\n<p>Nachts um 3 Uhr sind wir nach 13 Stunden Fahrt inklusive Pause nach Hause gekommen und verschwanden erst mal ins Bett und tr\u00fcmten vom Urlaub&#8230;&#8230;..<\/p>\n<p>Ende&#8230;<\/p>\n","protected":false},"excerpt":{"rendered":"<p>Wir waren noch drei Tage in dem gemieteten Appartement und relaxten und lie\u00dfen uns von unserem Gastgeber verw\u00f6hnen. Das war auch mal sch\u00f6n. Die viele Zeit entstand ja, da wir einige der geplanten Ruhetage nicht einlegen konnten oder wollten, da die Gegend nicht zum Verweilen einlud oder weil einfach nur gerade kein Campingplatz in der N\u00e4he war. Insbesondere In Albanien,&hellip; <a href=\"http:\/\/www.moto-adventure.net\/?page_id=1826\">(more&#8230;)<\/a><\/p>\n","protected":false},"author":752,"featured_media":0,"parent":1372,"menu_order":20,"comment_status":"open","ping_status":"closed","template":"","meta":[],"_links":{"self":[{"href":"http:\/\/www.moto-adventure.net\/index.php?rest_route=\/wp\/v2\/pages\/1826"}],"collection":[{"href":"http:\/\/www.moto-adventure.net\/index.php?rest_route=\/wp\/v2\/pages"}],"about":[{"href":"http:\/\/www.moto-adventure.net\/index.php?rest_route=\/wp\/v2\/types\/page"}],"author":[{"embeddable":true,"href":"http:\/\/www.moto-adventure.net\/index.php?rest_route=\/wp\/v2\/users\/752"}],"replies":[{"embeddable":true,"href":"http:\/\/www.moto-adventure.net\/index.php?rest_route=%2Fwp%2Fv2%2Fcomments&post=1826"}],"version-history":[{"count":3,"href":"http:\/\/www.moto-adventure.net\/index.php?rest_route=\/wp\/v2\/pages\/1826\/revisions"}],"predecessor-version":[{"id":1833,"href":"http:\/\/www.moto-adventure.net\/index.php?rest_route=\/wp\/v2\/pages\/1826\/revisions\/1833"}],"up":[{"embeddable":true,"href":"http:\/\/www.moto-adventure.net\/index.php?rest_route=\/wp\/v2\/pages\/1372"}],"wp:attachment":[{"href":"http:\/\/www.moto-adventure.net\/index.php?rest_route=%2Fwp%2Fv2%2Fmedia&parent=1826"}],"curies":[{"name":"wp","href":"https:\/\/api.w.org\/{rel}","templated":true}]}}

<p><img src="http://www.moto-adventure.net/wp-content/uploads/2014/02/Tag-20-t-0003-e1444462269983.jpg" alt="GR 1" /></p>
<p>Wir waren noch drei Tage in dem gemieteten Appartement und relaxten und ließen uns von unserem Gastgeber verwöhnen. Das war auch mal schön. Die viele Zeit entstand ja, da wir einige der geplanten Ruhetage nicht einlegen konnten oder wollten, da die Gegend nicht zum Verweilen einlud oder weil einfach nur gerade kein Campingplatz in der Nähe war. Insbesondere In Albanien, Kosovo und Mazedonien sollte man da etwas genauer vorplanen. Na ja man ist ja auch noch lernfähig. </p>
<p><img src="http://www.moto-adventure.net/wp-content/uploads/2014/02/Tag-20-t-0001-e1444462495755.jpg" alt="Oliven" /></p>
<p>Wir werden ja auch mit Sicherheit nochmals nach Albanien fahren um den Südwesten des Landes anzuschauen. Dort findet auch Tourismus statt. Ob es uns deswegen besser gefällt als der abgelegene Osten bleibt abzuwarten.</p>
<p>Nach 3 Tagen relaxen steht nun leider auch die Fährüberfahrt nach Italien an. </p>
<p><img src="http://www.moto-adventure.net/wp-content/uploads/2014/02/Tag-20-k-0009-e1444462657596.jpg" alt="Fähre 1" /></p>
<p>Wir sind logischerweise nicht die einzigen die auf die Fähre warten. Die kommt natürlich auch gleich mal ne Stunde zu spät.</p>
<p><img src="http://www.moto-adventure.net/wp-content/uploads/2014/02/Tag-20-k-0011-e1444462759655.jpg" alt="Simon" /></p>
<p>So lernten wir auch Simon kennen. Einen Griechen der auf dem Weg nach Deutschland war. Kontakt war schnell geknüpft. Fährt er auch Motorrad und wir haben auch denselben Beruf. Da gehen einen die Themen nicht so schnell aus und die Fährüberfahrt war auch schneller rum als wir dachten.</p>
<p><img src="http://www.moto-adventure.net/wp-content/uploads/2014/02/Tag-20-k-0023-e1444462927960.jpg" alt="GR-2" /></p>
<p>So verabschiedeten wir uns schweren Herzens von Griechenland und von unserem Urlaub, der viel zu kurz war.</p>
<p><img src="http://www.moto-adventure.net/wp-content/uploads/2014/02/Tag-20-k-0013-e1444463013191.jpg" alt="Simon" /></p>
<p>Als wir in Ancona angekommen waren, wollten Simon und wir noch ein Stück gemeinsam fahren. Später trennten wir uns an einer Raststätte. Bedingt durch die Fährverspätung ließen wir auch die geplante Übernachtung im Gotthard Hospiz ausfallen und fuhren stattdessen direkt von Ancona nach Hause ins Elsass. </p>
<p><img src="http://www.moto-adventure.net/wp-content/uploads/2014/02/Tag-20-s-00011-e1444463305421.jpg" alt="Chiasso" /></p>
<p>In Chiasso holten wir die obligatorischen Vignetten. An der nächsten Raststätte trafen wir dann noch ein schweizer Pärchen das denselben Weg hatte wie wir und die uns auch schon auf der Autobahn mehrfach aufgefallen waren. Nach einer Pause gings dann etwa um 20 Uhr weiter.</p>
<p><img src="http://www.moto-adventure.net/wp-content/uploads/2014/02/Tag-20-s-00021-e1444463794927.jpg" alt="Gotthard" /></p>
<p>Auf der Gotthard Südseite sah es dann so um 21 Uhr so aus. Für die Auffahrt zum Hospiz in der Nacht sollte es dann nicht reichen. Deswegen &#8222;zogen wir durch&#8220;.</p>
<p><img src="http://www.moto-adventure.net/wp-content/uploads/2014/02/Tag-20-s-00031-e1444463557970.jpg" alt="Gotthard Nord" /></p>
<p>Auf der Nordseite begann es dann auch mal zu regnen für etwa 20 Minuten. Nach der großen Hitze in den letzten Wochen, bei Temperaturen ausnahmslos über 30 Grad war das schon eine willkommene Abwechslung.</p>
<p>Nachts um 3 Uhr sind wir nach 13 Stunden Fahrt inklusive Pause nach Hause gekommen und verschwanden erst mal ins Bett und trümten vom Urlaub&#8230;&#8230;..</p>
<p>Ende&#8230;</p>

<p>Wir waren noch drei Tage in dem gemieteten Appartement und relaxten und ließen uns von unserem Gastgeber verwöhnen. Das war auch mal schön. Die viele Zeit entstand ja, da wir einige der geplanten Ruhetage nicht einlegen konnten oder wollten, da die Gegend nicht zum Verweilen einlud oder weil einfach nur gerade kein Campingplatz in der Nähe war. Insbesondere In Albanien,&hellip; <a href="http://www.moto-adventure.net/?page_id=1826">(more&#8230;)</a></p>
