{"id":1012,"date":"2014-07-20T07:45:18","date_gmt":"2014-07-20T07:45:18","guid":{"rendered":"http:\/\/www.moto-adventure.net\/?page_id=1012"},"modified":"2014-07-20T10:05:47","modified_gmt":"2014-07-20T10:05:47","slug":"tag-9-pakostane-hr-slano-hr","status":"publish","type":"page","link":"http:\/\/www.moto-adventure.net\/?page_id=1012","title":{"rendered":"Tag 9: Pakostane (HR) &#8211; Slano (HR)"},"content":{"rendered":"<p>&nbsp;<\/p>\n<p><a href=\"http:\/\/www.moto-adventure.net\/wp-content\/uploads\/2014\/07\/5.jpg\"><img loading=\"lazy\" class=\"aligncenter  wp-image-1017\" src=\"http:\/\/www.moto-adventure.net\/wp-content\/uploads\/2014\/07\/5.jpg\" alt=\"5\" width=\"596\" height=\"400\" \/><\/a><\/p>\n<p>Das Wetter hatte nach dem 2. Tag Aufenthalt in Pakostane sich wieder soweit beruhigt, dass wir entlang der kroatischen K\u00fcste weiterfahren konnten. Im Gebirge, Richtung Bosnien-Herzegovina wo wir eigentlich hinwollten, machte sich weiter die Flut breit. Deshalb beschlossen wir Mostar nicht jetzt zu besuchen. Im S\u00fcden sollte sich das Wetter stabilisieren. Also ging es zun\u00e4chst entlang der K\u00fcste Richtung Dubrovnik.<\/p>\n<p><a href=\"http:\/\/www.moto-adventure.net\/wp-content\/uploads\/2014\/07\/4.jpg\"><img loading=\"lazy\" class=\"aligncenter size-full wp-image-1016\" src=\"http:\/\/www.moto-adventure.net\/wp-content\/uploads\/2014\/07\/4.jpg\" alt=\"4\" width=\"600\" height=\"268\" srcset=\"http:\/\/www.moto-adventure.net\/wp-content\/uploads\/2014\/07\/4.jpg 600w, http:\/\/www.moto-adventure.net\/wp-content\/uploads\/2014\/07\/4-300x134.jpg 300w\" sizes=\"(max-width: 600px) 100vw, 600px\" \/><\/a><\/p>\n<p>Hier bei einer kleinen Pause sieht man immer noch die schwarzen Wolken im Hintergrund mit denen wir Katz und Maus spielen.<\/p>\n<p><a href=\"http:\/\/www.moto-adventure.net\/wp-content\/uploads\/2014\/07\/3.jpg\"><img loading=\"lazy\" class=\"aligncenter size-full wp-image-1015\" src=\"http:\/\/www.moto-adventure.net\/wp-content\/uploads\/2014\/07\/3.jpg\" alt=\"3\" width=\"600\" height=\"307\" srcset=\"http:\/\/www.moto-adventure.net\/wp-content\/uploads\/2014\/07\/3.jpg 600w, http:\/\/www.moto-adventure.net\/wp-content\/uploads\/2014\/07\/3-300x153.jpg 300w\" sizes=\"(max-width: 600px) 100vw, 600px\" \/><\/a><\/p>\n<p>Mit jedem Kilometer Richtung S\u00fcden wurde es dann langsam besser.<\/p>\n<p><a href=\"http:\/\/www.moto-adventure.net\/wp-content\/uploads\/2014\/07\/2.jpg\"><img loading=\"lazy\" class=\"aligncenter size-full wp-image-1014\" src=\"http:\/\/www.moto-adventure.net\/wp-content\/uploads\/2014\/07\/2.jpg\" alt=\"2\" width=\"600\" height=\"304\" srcset=\"http:\/\/www.moto-adventure.net\/wp-content\/uploads\/2014\/07\/2.jpg 600w, http:\/\/www.moto-adventure.net\/wp-content\/uploads\/2014\/07\/2-300x152.jpg 300w\" sizes=\"(max-width: 600px) 100vw, 600px\" \/><\/a><\/p>\n<p>Vorbei an Split folgten wir weiter der Route Richtung bosnischer Grenze, welche einen etwa 10 km breiten Streifen vom S\u00fcden Kroatiens abtrennt.<\/p>\n<p><a href=\"http:\/\/www.moto-adventure.net\/wp-content\/uploads\/2014\/07\/6.jpg\"><img loading=\"lazy\" class=\"aligncenter size-full wp-image-1018\" src=\"http:\/\/www.moto-adventure.net\/wp-content\/uploads\/2014\/07\/6.jpg\" alt=\"6\" width=\"600\" height=\"213\" srcset=\"http:\/\/www.moto-adventure.net\/wp-content\/uploads\/2014\/07\/6.jpg 600w, http:\/\/www.moto-adventure.net\/wp-content\/uploads\/2014\/07\/6-300x106.jpg 300w\" sizes=\"(max-width: 600px) 100vw, 600px\" \/><\/a><\/p>\n<p>Nach der Passage dieses kurzen bosnischen Streifens machten wir in Slano halt, wo wir direkt am Hafen unsere Unterkunft bezogen und den abendlichen Ausblick auf die sch\u00f6ne Bucht genossen.<\/p>\n<p><a href=\"http:\/\/www.moto-adventure.net\/wp-content\/uploads\/2014\/07\/7.jpg\"><img loading=\"lazy\" class=\"aligncenter size-full wp-image-1019\" src=\"http:\/\/www.moto-adventure.net\/wp-content\/uploads\/2014\/07\/7.jpg\" alt=\"7\" width=\"600\" height=\"282\" srcset=\"http:\/\/www.moto-adventure.net\/wp-content\/uploads\/2014\/07\/7.jpg 600w, http:\/\/www.moto-adventure.net\/wp-content\/uploads\/2014\/07\/7-300x141.jpg 300w\" sizes=\"(max-width: 600px) 100vw, 600px\" \/><\/a><\/p>\n<p>&nbsp;<\/p>\n<a href=\"http:\/\/tinyurl.com\/kwzw64q\">Tag 10: Slano (HR) - Kotor (Montenegro)<\/a>\n","protected":false},"excerpt":{"rendered":"<p>&nbsp; Das Wetter hatte nach dem 2. Tag Aufenthalt in Pakostane sich wieder soweit beruhigt, dass wir entlang der kroatischen K\u00fcste weiterfahren konnten. Im Gebirge, Richtung Bosnien-Herzegovina wo wir eigentlich hinwollten, machte sich weiter die Flut breit. Deshalb beschlossen wir Mostar nicht jetzt zu besuchen. Im S\u00fcden sollte sich das Wetter stabilisieren. Also ging es zun\u00e4chst entlang der K\u00fcste Richtung&hellip; <a href=\"http:\/\/www.moto-adventure.net\/?page_id=1012\">(more&#8230;)<\/a><\/p>\n","protected":false},"author":752,"featured_media":0,"parent":37,"menu_order":7,"comment_status":"open","ping_status":"closed","template":"","meta":[],"_links":{"self":[{"href":"http:\/\/www.moto-adventure.net\/index.php?rest_route=\/wp\/v2\/pages\/1012"}],"collection":[{"href":"http:\/\/www.moto-adventure.net\/index.php?rest_route=\/wp\/v2\/pages"}],"about":[{"href":"http:\/\/www.moto-adventure.net\/index.php?rest_route=\/wp\/v2\/types\/page"}],"author":[{"embeddable":true,"href":"http:\/\/www.moto-adventure.net\/index.php?rest_route=\/wp\/v2\/users\/752"}],"replies":[{"embeddable":true,"href":"http:\/\/www.moto-adventure.net\/index.php?rest_route=%2Fwp%2Fv2%2Fcomments&post=1012"}],"version-history":[{"count":3,"href":"http:\/\/www.moto-adventure.net\/index.php?rest_route=\/wp\/v2\/pages\/1012\/revisions"}],"predecessor-version":[{"id":1033,"href":"http:\/\/www.moto-adventure.net\/index.php?rest_route=\/wp\/v2\/pages\/1012\/revisions\/1033"}],"up":[{"embeddable":true,"href":"http:\/\/www.moto-adventure.net\/index.php?rest_route=\/wp\/v2\/pages\/37"}],"wp:attachment":[{"href":"http:\/\/www.moto-adventure.net\/index.php?rest_route=%2Fwp%2Fv2%2Fmedia&parent=1012"}],"curies":[{"name":"wp","href":"https:\/\/api.w.org\/{rel}","templated":true}]}}